pose -139 = -6*l + 5. Calculate the greatest common divisor of m and l.
6
Let l(w) = -w**2 + w - 2. Let x(i) = 54*i**2 + 2*i - 16. Let z(d) = -6*l(d) + x(d). Let m be z(-1). Calculate the greatest common divisor of 12 and m.
12
Let g(d) = 3*d**3 - 7*d**2 - 16*d + 50. Let j be g(6). What is the greatest common divisor of j and 280?
70
Suppose -4*p = -44 - 56. Let r = -59 - -84. Suppose 5*t + r = 6*t. What is the highest common divisor of p and t?
25
Suppose -5*h - 4*v + 784 = 0, 6*h - 2*h - v = 644. Let b be 3/(-3)*-16 - (-2 - 2). Calculate the highest common factor of h and b.
20
Let n be -1 - -2 - (0 + -5). Suppose 0 = n*o - 17 - 127. What is the greatest common factor of 8 and o?
8
Suppose -4*b - 4 = 5*y, -y + 4*y + 2 = -2*b. Suppose 3*n + 4*i - 51 = -y*n, 0 = -n + 3*i + 4. What is the highest common divisor of 169 and n?
13
Let z = -453 + 153. Let o be z/21 + (-14)/(-49). Let r be (189/o)/((-3)/4). What is the highest common factor of r and 2?
2
Suppose -33550 = -137*y + 27*y. Calculate the highest common divisor of 427 and y.
61
Let g = 0 + 33. Suppose -3*s - 46 = -w, 4*w + g = -2*s + 7*w. Let o be 4/(-8)*(s + 1). What is the greatest common divisor of o and 56?
7
Let r = 128 + -119. Let h = 59 + 4. What is the greatest common factor of r and h?
9
Suppose 0 = 50*d - 54*d + 2680. What is the greatest common divisor of d and 10?
10
Suppose -5*b = 13 + 17. Let s be (30/9)/(b/(-126)). Calculate the greatest common divisor of 10 and s.
10
Suppose -7*y + 2*y + 215 = 4*i, 4*i - y = 197. Let p be (8 - (-2)/1)*i/5. What is the highest common divisor of p and 40?
20
Let y = 661 + -657. Suppose 2*b = -0*f - 2*f + 294, -288 = -2*b + f. Suppose y*p = -p + b. What is the highest common divisor of p and 58?
29
Let a(x) = 8*x + 12. Let n be a(4). Calculate the highest common divisor of n and 77.
11
Suppose 17*g - 16 = 494. What is the highest common factor of g and 48?
6
Suppose -2*d + 5 = 4*a - d, -5*a + 20 = 4*d. Suppose -3*r + 0*r + 1 = -2*f, 2*r - 10 = a. Let g = 9 + -8. Calculate the greatest common divisor of g and f.
1
Suppose 17*n - 919 - 10267 = 0. What is the greatest common divisor of 14 and n?
14
Let a = 35 - 33. Suppose 5*h - 10 = -a*m - 1, 4*m = h + 7. Calculate the greatest common factor of 8 and m.
2
Let z be -55*(1 - (-11)/(-5)). Let q = 629 - 623. Calculate the highest common factor of q and z.
6
Suppose b + 4*b = 360. Let z = b + -42. Calculate the greatest common factor of z and 10.
10
Let c = 88 + -88. Suppose c = -19*b + 23*b - 60. What is the greatest common factor of b and 120?
15
Let i = 52 - 40. Calculate the highest common factor of i and 108.
12
Let u = 355 - 349. Calculate the greatest common divisor of 114 and u.
6
Suppose -5*n = 7*x - 5*x - 3001, -1 = -n. Let p = -915 + x. Calculate the greatest common factor of 53 and p.
53
Let f(t) = 5*t + 1. Let m be f(8). Let w = 412 - 43. Calculate the highest common divisor of m and w.
41
Let m be ((-61)/(-61))/((-1)/(-43)). What is the highest common divisor of m and 215?
43
Let n be 3 - (3 + 2/(-1)). Suppose 5*q = 4*q + n. Let c be (-1 - -29)*q - 1. What is the highest common divisor of 11 and c?
11
Let y = -13 - -415. What is the greatest common factor of y and 67?
67
Let l be 1*-12*5/(60/(-128)). Calculate the highest common factor of 2 and l.
2
Suppose -4*i + 5*a + 162 + 21 = 0, -2*i = a - 81. What is the greatest common factor of i and 112?
14
Suppose -11*n + 156 = -31. Calculate the highest common factor of n and 17.
17
Let u = -176 + 309. Let v = -111 + 130. What is the greatest common divisor of v and u?
19
Let i = -21 + 73. Let y = -71 - -104. Let d = y - 20. What is the highest common factor of i and d?
13
Let i be (-150)/10*-1*2. Suppose -z + 3*d = -0*d - 17, -2*d + 62 = 3*z. What is the greatest common factor of i and z?
10
Let r(f) = -3*f + 4. Let o be ((-10)/(-15))/(4/(-6)). Let a be r(o). Calculate the greatest common factor of 49 and a.
7
Let f(x) = 10*x - 3. Suppose -2*q = y - 9, q - 5*y = -0*q - 12. Let n be f(q). Calculate the highest common factor of 27 and n.
27
Suppose -70 = -2*w + 4*p - 5*p, -5*w + 190 = -5*p. Calculate the greatest common divisor of w and 468.
36
Let s(o) = 269*o**3 + 2*o - 1. Let r be s(1). What is the greatest common divisor of r and 6?
6
Let y be 24/((-3)/(-3) + 9/18). What is the highest common factor of y and 28?
4
Let q(z) = z + 5. Let v(a) = 3*a + 9. Let f be v(-4). Let c be q(f). Let p be 28/(-10)*(c - 7). What is the greatest common factor of 28 and p?
14
Suppose 650*w = 658*w - 304. Calculate the greatest common divisor of 19 and w.
19
Let d(u) = u**3 + 5*u**2 - 3*u + 1. Let h be d(-5). What is the highest common divisor of 288 and h?
16
Let c be 3157/35 + (-1)/5. Let l = c - 57. Calculate the greatest common factor of 99 and l.
33
Let d be 40/6 - 18/27. Let b(t) = t**2 + 6*t + 2. Let x be b(d). Suppose 6*g + 4*a - x = 3*g, -5*g = a - 112. What is the highest common divisor of 154 and g?
22
Let p = -102 - -107. Calculate the greatest common divisor of p and 195.
5
Let f be -1*(5 + -112) - 4. Suppose h - 135 = -f. Calculate the greatest common divisor of 352 and h.
32
Suppose 3*i + 0*i - 217 = -2*u, 2*i - 162 = 3*u. What is the highest common factor of 550 and i?
25
Let h(i) = -3*i**3 - 4*i**2 - 4*i - 2. Let p be h(-3). Let c = -20169 - -20180. What is the highest common divisor of c and p?
11
Let s(w) be the first derivative of w**2/2 + 6*w + 8. Let f be s(9). What is the greatest common divisor of 75 and f?
15
Let h be (-6672)/(-336) + (1/7)/1. Suppose 2*y - 93 = 267. What is the greatest common factor of y and h?
20
Let r be 560/(-32)*(-120)/21. Calculate the highest common divisor of r and 75.
25
Let f = 496 + -427. What is the greatest common factor of f and 92?
23
Suppose 0 = 56*a + 12783 - 63239. What is the greatest common divisor of 51 and a?
17
Suppose 26*m - 3*c = 24*m + 1990, 0 = -m + 4*c + 1000. What is the greatest common divisor of m and 64?
32
Let k be -1 - (56/(-2))/2. Suppose -10*y + 6*y = 1872. Let x be 5/2*y/(-10). Calculate the greatest common factor of x and k.
13
Let c(q) = -q**3 + 12*q**2 + 7*q + 1. Let d be c(12). Suppose -2*l + 9*s - 4*s = -d, -5*l + 4*s = -238. What is the greatest common factor of 10 and l?
10
Let g be ((-2025)/30)/((-2)/4). Suppose -84*d + 378 = -77*d. What is the greatest common factor of g and d?
27
Suppose -6*w + 5*w = -3*n - 109, 0 = 5*w - 2*n - 506. What is the highest common divisor of w and 140?
20
Let t be ((-3)/6 - 2)*(-104)/10. Let f = t + -21. Calculate the greatest common divisor of f and 70.
5
Let o = 255 - 207. Calculate the greatest common divisor of o and 36.
12
Let k = 17 + -14. Suppose 191 = k*s - 25. What is the greatest common divisor of 9 and s?
9
Suppose 461 = 3*k + 5. Let w = -23 - -138. Suppose -r - w = -5*n + 3*r, 14 = n + r. Calculate the highest common factor of n and k.
19
Suppose 3*t + 0*t = -4*y + 49, -2*t - 2*y + 30 = 0. Suppose 0 = t*k - 361 - 35. Calculate the highest common factor of 54 and k.
18
Let f = -14 + 22. Let g(z) = z**2 - 7*z + 9. Let j be g(f). What is the highest common divisor of j and 1?
1
Suppose j = 6*g - 3*g - 6, -j + 6 = g. Suppose 90 = 2*b + j*b. Calculate the greatest common divisor of b and 72.
18
Let k(z) = z - 12. Let d be k(15). Suppose 7*j - d*j + 56 = 0. Let x = j + 21. What is the greatest common factor of 1 and x?
1
Let f(n) = -n**2 - 5*n. Let q be f(-5). Suppose 7*y - 6*y + 20 = q. Let v be (-78)/(-5) + (-8)/y. Calculate the highest common divisor of v and 48.
16
Let r(l) = l + 9. Let t(y) = -2*y + 4. Let p = 12 + -7. Let w be t(p). Let x be r(w). Calculate the greatest common divisor of 15 and x.
3
Let i(q) = -42*q**2 + 385*q - 15. Let x be i(9). Calculate the highest common divisor of 1200 and x.
48
Suppose j + 15 = 6*j. Suppose 0 = 2*c - j*q - 35, -137 = -5*c - 2*q - 2. Calculate the highest common factor of c and 75.
25
Let t(k) = 12*k - 4. Let a be t(3). Suppose 3*s + 2*h - a = 0, -h = s - 3*h. Calculate the highest common divisor of s and 1.
1
Suppose 2*m - 72 = -4*x, 202 = 5*m - 7*x + 6*x. Calculate the greatest common factor of m and 15.
5
Let i be 40/30*9/(-2). Let y(r) = 2*r**2 + 12*r + 8. Let s be y(i). Calculate the highest common divisor of s and 20.
4
Let z = -741 + 1378. Calculate the highest common divisor o